{"id":333,"date":"2023-01-13T10:22:36","date_gmt":"2023-01-13T09:22:36","guid":{"rendered":"https:\/\/inspirations-aborigenes.fr\/?page_id=333"},"modified":"2023-03-27T09:33:35","modified_gmt":"2023-03-27T07:33:35","slug":"expos","status":"publish","type":"page","link":"https:\/\/www.inspirationsaborigenes.fr\/?page_id=333","title":{"rendered":"EXPOS"},"content":{"rendered":"\n<h2 class=\"wp-block-heading\">                      PROCHAINE EXPO A LA M.J.C. D&rsquo;AGDE  <\/h2>\n\n\n\n<h2 class=\"has-text-align-center wp-block-heading\">  DU 6 AU 18 MARS 2023.<\/h2>\n\n\n\n<h2 class=\"wp-block-heading\">                                                   <\/h2>\n\n\n<div class=\"wp-block-image\">\n<figure class=\"aligncenter size-large\"><img decoding=\"async\" width=\"724\" height=\"1024\" src=\"https:\/\/inspirations-aborigenes.fr\/wp-content\/uploads\/2023\/02\/AFFICHE-MJC-AGDE-724x1024.jpg\" alt=\"\" class=\"wp-image-949\" srcset=\"https:\/\/www.inspirationsaborigenes.fr\/wp-content\/uploads\/2023\/02\/AFFICHE-MJC-AGDE-724x1024.jpg 724w, https:\/\/www.inspirationsaborigenes.fr\/wp-content\/uploads\/2023\/02\/AFFICHE-MJC-AGDE-212x300.jpg 212w, https:\/\/www.inspirationsaborigenes.fr\/wp-content\/uploads\/2023\/02\/AFFICHE-MJC-AGDE-768x1086.jpg 768w, https:\/\/www.inspirationsaborigenes.fr\/wp-content\/uploads\/2023\/02\/AFFICHE-MJC-AGDE-1086x1536.jpg 1086w, https:\/\/www.inspirationsaborigenes.fr\/wp-content\/uploads\/2023\/02\/AFFICHE-MJC-AGDE-1140x1613.jpg 1140w, https:\/\/www.inspirationsaborigenes.fr\/wp-content\/uploads\/2023\/02\/AFFICHE-MJC-AGDE.jpg 1240w\" sizes=\"(max-width: 724px) 100vw, 724px\" \/><figcaption class=\"wp-element-caption\">Expo et conf\u00e9rence sur l&rsquo;art abstrait aborig\u00e8ne australien<\/figcaption><\/figure>\n<\/div>\n\n<div class=\"wp-block-image\">\n<figure class=\"aligncenter size-full is-resized\"><img decoding=\"async\" src=\"https:\/\/inspirations-aborigenes.fr\/wp-content\/uploads\/2023\/02\/kangoo-paquets.jpg\" alt=\"\" class=\"wp-image-950\" width=\"235\" height=\"219\" srcset=\"https:\/\/www.inspirationsaborigenes.fr\/wp-content\/uploads\/2023\/02\/kangoo-paquets.jpg 451w, https:\/\/www.inspirationsaborigenes.fr\/wp-content\/uploads\/2023\/02\/kangoo-paquets-300x280.jpg 300w\" sizes=\"(max-width: 235px) 100vw, 235px\" \/><figcaption class=\"wp-element-caption\"><strong>je cours d\u00e9couvrir l&rsquo;expo &#8230;..<\/strong><\/figcaption><\/figure>\n<\/div>\n\n\n<p><br><br><\/p>\n\n\n<div class=\"wp-block-image\">\n<figure class=\"aligncenter size-large is-resized\"><img decoding=\"async\" src=\"https:\/\/inspirations-aborigenes.fr\/wp-content\/uploads\/2023\/02\/affiche-eden-auton-okok-724x1024.jpg\" alt=\"\" class=\"wp-image-847\" width=\"556\" height=\"786\" srcset=\"https:\/\/www.inspirationsaborigenes.fr\/wp-content\/uploads\/2023\/02\/affiche-eden-auton-okok-724x1024.jpg 724w, https:\/\/www.inspirationsaborigenes.fr\/wp-content\/uploads\/2023\/02\/affiche-eden-auton-okok-212x300.jpg 212w, https:\/\/www.inspirationsaborigenes.fr\/wp-content\/uploads\/2023\/02\/affiche-eden-auton-okok-768x1086.jpg 768w, https:\/\/www.inspirationsaborigenes.fr\/wp-content\/uploads\/2023\/02\/affiche-eden-auton-okok-1086x1536.jpg 1086w, https:\/\/www.inspirationsaborigenes.fr\/wp-content\/uploads\/2023\/02\/affiche-eden-auton-okok-1140x1613.jpg 1140w, https:\/\/www.inspirationsaborigenes.fr\/wp-content\/uploads\/2023\/02\/affiche-eden-auton-okok.jpg 1240w\" sizes=\"(max-width: 556px) 100vw, 556px\" \/><figcaption class=\"wp-element-caption\">Expo Eden Auto Premium BMW B\u00e9ziers<\/figcaption><\/figure>\n<\/div>\n\n\n<p><\/p>\n\n\n\n<h2 class=\"wp-block-heading\">EXPO Concession <em>Edenauto premium<\/em> BMW B\u00e9ziers.<\/h2>\n\n\n\n<p>Les inspirations aborig\u00e8nes sont heureuses de vous annoncer qu&rsquo;elles ont \u00e9t\u00e9 invit\u00e9es \u00e0 exposer du 7  f\u00e9vrier au 4 mars 2023, au sein de la concession Eden Auto Premium BMW  de B\u00e9ziers.<\/p>\n\n\n\n<p> Je remercie Mr Perfecto Rodriguez, son directeur, ainsi que son \u00e9quipe dynamique pour cette g\u00e9n\u00e9reuse opportunit\u00e9 et cette vitrine prestigieuse. <\/p>\n\n\n\n<p>Il s&rsquo;associent \u00e0  ma mission humanitaire de soutien scolaire et sanitaire envers les enfants aborig\u00e8nes australiens.<\/p>\n\n\n\n<p><\/p>\n\n\n<div class=\"wp-block-image\">\n<figure class=\"aligncenter size-full\"><img decoding=\"async\" width=\"301\" height=\"344\" src=\"https:\/\/inspirations-aborigenes.fr\/wp-content\/uploads\/2023\/02\/kangoo-ebahi.jpg\" alt=\"\" class=\"wp-image-952\" srcset=\"https:\/\/www.inspirationsaborigenes.fr\/wp-content\/uploads\/2023\/02\/kangoo-ebahi.jpg 301w, https:\/\/www.inspirationsaborigenes.fr\/wp-content\/uploads\/2023\/02\/kangoo-ebahi-263x300.jpg 263w\" sizes=\"(max-width: 301px) 100vw, 301px\" \/><figcaption class=\"wp-element-caption\"><strong>ouah !! sympa ces peintures color\u00e9es, j&rsquo;en prends plein les mirettes !! hi hi<\/strong><\/figcaption><\/figure>\n<\/div>\n\n\n<p><\/p>\n\n\n\n<p><\/p>\n\n\n\n<h2 class=\"wp-block-heading\">SOIREE DU CLUB MOLIERE PEZENAS<\/h2>\n\n\n\n<p class=\"has-luminous-vivid-orange-color has-text-color has-medium-font-size\">je remercie le Club Moli\u00e8re de P\u00e9zenas,  leur Pr\u00e9sidente Martine Maille et son \u00e9quipe, pour leur g\u00e9n\u00e9reuse invitation  lors de la soir\u00e9e des v\u0153ux, le 19 janvier 2023.<\/p>\n\n\n\n<p class=\"has-luminous-vivid-orange-color has-text-color has-medium-font-size\">Envie de d\u00e9couvrir mon travail  mes missions et mes peintures ?? <\/p>\n\n\n\n<p> <\/p>\n\n\n\n<div class=\"wp-block-columns is-layout-flex wp-container-core-columns-is-layout-28f84493 wp-block-columns-is-layout-flex\">\n<div class=\"wp-block-column is-layout-flow wp-block-column-is-layout-flow\" style=\"flex-basis:100%\"><div class=\"wp-block-image\">\n<figure class=\"aligncenter size-full\"><img decoding=\"async\" width=\"632\" height=\"880\" src=\"https:\/\/inspirations-aborigenes.fr\/wp-content\/uploads\/2023\/01\/soiree-moliere-1.jpg\" alt=\"\" class=\"wp-image-436\" srcset=\"https:\/\/www.inspirationsaborigenes.fr\/wp-content\/uploads\/2023\/01\/soiree-moliere-1.jpg 632w, https:\/\/www.inspirationsaborigenes.fr\/wp-content\/uploads\/2023\/01\/soiree-moliere-1-215x300.jpg 215w\" sizes=\"(max-width: 632px) 100vw, 632px\" \/><\/figure>\n<\/div><\/div>\n<\/div>\n\n\n<div class=\"wp-block-image\">\n<figure class=\"aligncenter size-full is-resized\"><img decoding=\"async\" src=\"https:\/\/inspirations-aborigenes.fr\/wp-content\/uploads\/2023\/02\/kangoo-lunettes-2.jpg\" alt=\"\" class=\"wp-image-954\" width=\"236\" height=\"304\" srcset=\"https:\/\/www.inspirationsaborigenes.fr\/wp-content\/uploads\/2023\/02\/kangoo-lunettes-2.jpg 373w, https:\/\/www.inspirationsaborigenes.fr\/wp-content\/uploads\/2023\/02\/kangoo-lunettes-2-233x300.jpg 233w\" sizes=\"(max-width: 236px) 100vw, 236px\" \/><figcaption class=\"wp-element-caption\"><strong>Positivement agr\u00e9ablement surpris, j&rsquo;ai tout compris, Nioudelli m&rsquo;a tout expliqu\u00e9.. maintenant je peux appr\u00e9cier le dot painting aborig\u00e8ne<\/strong><\/figcaption><\/figure>\n<\/div>","protected":false},"excerpt":{"rendered":"<p>PROCHAINE EXPO A LA M.J.C. D&rsquo;AGDE DU 6 AU 18 MARS 2023. EXPO Concession Edenauto premium BMW B\u00e9ziers. Les inspirations aborig\u00e8nes sont heureuses de vous annoncer qu&rsquo;elles ont \u00e9t\u00e9 invit\u00e9es \u00e0 exposer du 7 f\u00e9vrier au 4 mars 2023, au sein de la concession Eden Auto Premium BMW de B\u00e9ziers. Je remercie Mr Perfecto Rodriguez, son directeur, ainsi que son \u00e9quipe dynamique pour cette g\u00e9n\u00e9reuse opportunit\u00e9 et cette vitrine prestigieuse. Il s&rsquo;associent \u00e0 ma mission humanitaire de soutien scolaire et sanitaire envers les enfants aborig\u00e8nes australiens. SOIREE DU CLUB MOLIERE PEZENAS je remercie le Club Moli\u00e8re de P\u00e9zenas, leur Pr\u00e9sidente Martine Maille et son \u00e9quipe, pour leur g\u00e9n\u00e9reuse invitation lors de la soir\u00e9e des v\u0153ux, le 19 janvier 2023. Envie de d\u00e9couvrir mon travail mes missions et mes peintures ??<\/p>\n","protected":false},"author":2,"featured_media":0,"parent":0,"menu_order":0,"comment_status":"closed","ping_status":"closed","template":"","meta":{"footnotes":""},"class_list":["post-333","page","type-page","status-publish","hentry"],"_links":{"self":[{"href":"https:\/\/www.inspirationsaborigenes.fr\/index.php?rest_route=\/wp\/v2\/pages\/333","targetHints":{"allow":["GET"]}}],"collection":[{"href":"https:\/\/www.inspirationsaborigenes.fr\/index.php?rest_route=\/wp\/v2\/pages"}],"about":[{"href":"https:\/\/www.inspirationsaborigenes.fr\/index.php?rest_route=\/wp\/v2\/types\/page"}],"author":[{"embeddable":true,"href":"https:\/\/www.inspirationsaborigenes.fr\/index.php?rest_route=\/wp\/v2\/users\/2"}],"replies":[{"embeddable":true,"href":"https:\/\/www.inspirationsaborigenes.fr\/index.php?rest_route=%2Fwp%2Fv2%2Fcomments&post=333"}],"version-history":[{"count":0,"href":"https:\/\/www.inspirationsaborigenes.fr\/index.php?rest_route=\/wp\/v2\/pages\/333\/revisions"}],"wp:attachment":[{"href":"https:\/\/www.inspirationsaborigenes.fr\/index.php?rest_route=%2Fwp%2Fv2%2Fmedia&parent=333"}],"curies":[{"name":"wp","href":"https:\/\/api.w.org\/{rel}","templated":true}]}}

<h2 class="wp-block-heading">                      PROCHAINE EXPO A LA M.J.C. D&rsquo;AGDE  </h2>



<h2 class="has-text-align-center wp-block-heading">  DU 6 AU 18 MARS 2023.</h2>



<h2 class="wp-block-heading">                                                   </h2>


<div class="wp-block-image">
<figure class="aligncenter size-large"><img decoding="async" width="724" height="1024" src="https://inspirations-aborigenes.fr/wp-content/uploads/2023/02/AFFICHE-MJC-AGDE-724x1024.jpg" alt="" class="wp-image-949" srcset="https://www.inspirationsaborigenes.fr/wp-content/uploads/2023/02/AFFICHE-MJC-AGDE-724x1024.jpg 724w, https://www.inspirationsaborigenes.fr/wp-content/uploads/2023/02/AFFICHE-MJC-AGDE-212x300.jpg 212w, https://www.inspirationsaborigenes.fr/wp-content/uploads/2023/02/AFFICHE-MJC-AGDE-768x1086.jpg 768w, https://www.inspirationsaborigenes.fr/wp-content/uploads/2023/02/AFFICHE-MJC-AGDE-1086x1536.jpg 1086w, https://www.inspirationsaborigenes.fr/wp-content/uploads/2023/02/AFFICHE-MJC-AGDE-1140x1613.jpg 1140w, https://www.inspirationsaborigenes.fr/wp-content/uploads/2023/02/AFFICHE-MJC-AGDE.jpg 1240w" sizes="(max-width: 724px) 100vw, 724px" /><figcaption class="wp-element-caption">Expo et conférence sur l&rsquo;art abstrait aborigène australien</figcaption></figure>
</div>

<div class="wp-block-image">
<figure class="aligncenter size-full is-resized"><img decoding="async" src="https://inspirations-aborigenes.fr/wp-content/uploads/2023/02/kangoo-paquets.jpg" alt="" class="wp-image-950" width="235" height="219" srcset="https://www.inspirationsaborigenes.fr/wp-content/uploads/2023/02/kangoo-paquets.jpg 451w, https://www.inspirationsaborigenes.fr/wp-content/uploads/2023/02/kangoo-paquets-300x280.jpg 300w" sizes="(max-width: 235px) 100vw, 235px" /><figcaption class="wp-element-caption"><strong>je cours découvrir l&rsquo;expo &#8230;..</strong></figcaption></figure>
</div>


<p><br><br></p>


<div class="wp-block-image">
<figure class="aligncenter size-large is-resized"><img decoding="async" src="https://inspirations-aborigenes.fr/wp-content/uploads/2023/02/affiche-eden-auton-okok-724x1024.jpg" alt="" class="wp-image-847" width="556" height="786" srcset="https://www.inspirationsaborigenes.fr/wp-content/uploads/2023/02/affiche-eden-auton-okok-724x1024.jpg 724w, https://www.inspirationsaborigenes.fr/wp-content/uploads/2023/02/affiche-eden-auton-okok-212x300.jpg 212w, https://www.inspirationsaborigenes.fr/wp-content/uploads/2023/02/affiche-eden-auton-okok-768x1086.jpg 768w, https://www.inspirationsaborigenes.fr/wp-content/uploads/2023/02/affiche-eden-auton-okok-1086x1536.jpg 1086w, https://www.inspirationsaborigenes.fr/wp-content/uploads/2023/02/affiche-eden-auton-okok-1140x1613.jpg 1140w, https://www.inspirationsaborigenes.fr/wp-content/uploads/2023/02/affiche-eden-auton-okok.jpg 1240w" sizes="(max-width: 556px) 100vw, 556px" /><figcaption class="wp-element-caption">Expo Eden Auto Premium BMW Béziers</figcaption></figure>
</div>


<p></p>



<h2 class="wp-block-heading">EXPO Concession <em>Edenauto premium</em> BMW Béziers.</h2>



<p>Les inspirations aborigènes sont heureuses de vous annoncer qu&rsquo;elles ont été invitées à exposer du 7  février au 4 mars 2023, au sein de la concession Eden Auto Premium BMW  de Béziers.</p>



<p> Je remercie Mr Perfecto Rodriguez, son directeur, ainsi que son équipe dynamique pour cette généreuse opportunité et cette vitrine prestigieuse. </p>



<p>Il s&rsquo;associent à  ma mission humanitaire de soutien scolaire et sanitaire envers les enfants aborigènes australiens.</p>



<p></p>


<div class="wp-block-image">
<figure class="aligncenter size-full"><img decoding="async" width="301" height="344" src="https://inspirations-aborigenes.fr/wp-content/uploads/2023/02/kangoo-ebahi.jpg" alt="" class="wp-image-952" srcset="https://www.inspirationsaborigenes.fr/wp-content/uploads/2023/02/kangoo-ebahi.jpg 301w, https://www.inspirationsaborigenes.fr/wp-content/uploads/2023/02/kangoo-ebahi-263x300.jpg 263w" sizes="(max-width: 301px) 100vw, 301px" /><figcaption class="wp-element-caption"><strong>ouah !! sympa ces peintures colorées, j&rsquo;en prends plein les mirettes !! hi hi</strong></figcaption></figure>
</div>


<p></p>



<p></p>



<h2 class="wp-block-heading">SOIREE DU CLUB MOLIERE PEZENAS</h2>



<p class="has-luminous-vivid-orange-color has-text-color has-medium-font-size">je remercie le Club Molière de Pézenas,  leur Présidente Martine Maille et son équipe, pour leur généreuse invitation  lors de la soirée des vœux, le 19 janvier 2023.</p>



<p class="has-luminous-vivid-orange-color has-text-color has-medium-font-size">Envie de découvrir mon travail  mes missions et mes peintures ?? </p>



<p> </p>



<div class="wp-block-columns is-layout-flex wp-container-core-columns-is-layout-28f84493 wp-block-columns-is-layout-flex">
<div class="wp-block-column is-layout-flow wp-block-column-is-layout-flow" style="flex-basis:100%"><div class="wp-block-image">
<figure class="aligncenter size-full"><img decoding="async" width="632" height="880" src="https://inspirations-aborigenes.fr/wp-content/uploads/2023/01/soiree-moliere-1.jpg" alt="" class="wp-image-436" srcset="https://www.inspirationsaborigenes.fr/wp-content/uploads/2023/01/soiree-moliere-1.jpg 632w, https://www.inspirationsaborigenes.fr/wp-content/uploads/2023/01/soiree-moliere-1-215x300.jpg 215w" sizes="(max-width: 632px) 100vw, 632px" /></figure>
</div></div>
</div>


<div class="wp-block-image">
<figure class="aligncenter size-full is-resized"><img decoding="async" src="https://inspirations-aborigenes.fr/wp-content/uploads/2023/02/kangoo-lunettes-2.jpg" alt="" class="wp-image-954" width="236" height="304" srcset="https://www.inspirationsaborigenes.fr/wp-content/uploads/2023/02/kangoo-lunettes-2.jpg 373w, https://www.inspirationsaborigenes.fr/wp-content/uploads/2023/02/kangoo-lunettes-2-233x300.jpg 233w" sizes="(max-width: 236px) 100vw, 236px" /><figcaption class="wp-element-caption"><strong>Positivement agréablement surpris, j&rsquo;ai tout compris, Nioudelli m&rsquo;a tout expliqué.. maintenant je peux apprécier le dot painting aborigène</strong></figcaption></figure>
</div>

<p>PROCHAINE EXPO A LA M.J.C. D&rsquo;AGDE DU 6 AU 18 MARS 2023. EXPO Concession Edenauto premium BMW Béziers. Les inspirations aborigènes sont heureuses de vous annoncer qu&rsquo;elles ont été invitées à exposer du 7 février au 4 mars 2023, au sein de la concession Eden Auto Premium BMW de Béziers. Je remercie Mr Perfecto Rodriguez, son directeur, ainsi que son équipe dynamique pour cette généreuse opportunité et cette vitrine prestigieuse. Il s&rsquo;associent à ma mission humanitaire de soutien scolaire et sanitaire envers les enfants aborigènes australiens. SOIREE DU CLUB MOLIERE PEZENAS je remercie le Club Molière de Pézenas, leur Présidente Martine Maille et son équipe, pour leur généreuse invitation lors de la soirée des vœux, le 19 janvier 2023. Envie de découvrir mon travail mes missions et mes peintures ??</p>
