{"id":330,"date":"2023-01-13T10:22:21","date_gmt":"2023-01-13T09:22:21","guid":{"rendered":"https:\/\/inspirations-aborigenes.fr\/?page_id=330"},"modified":"2023-02-12T21:22:44","modified_gmt":"2023-02-12T20:22:44","slug":"partenariats","status":"publish","type":"page","link":"https:\/\/www.inspirationsaborigenes.fr\/?page_id=330","title":{"rendered":"PARTENARIATS"},"content":{"rendered":"\n<p class=\"has-white-color has-text-color has-medium-font-size\">Sans pouvoir apprendre \u00e0 lire ou bien \u00e9crire, les enfants aborig\u00e8nes du d\u00e9sert australien, ont peu de chances de pouvoir aller \u00e0 l&rsquo;\u00e9cole, apprendre un m\u00e9tier ou en trouver un, peu de chance de s&rsquo;\u00e9lever dans la vie sociale ou professionnelle, je trouve que c&rsquo;est une grave injustice.<\/p>\n\n\n\n<p class=\"has-white-color has-text-color has-medium-font-size\">Petite pierre apr\u00e8s petite pierre, nous pouvons tous \u00e0  notre niveau, faire que ce processus discriminatoire, cesse petit \u00e0 petit. C&rsquo;est la mission pour laquelle je me suis engag\u00e9e personnellement. <\/p>\n\n\n\n<p class=\"has-white-color has-text-color has-medium-font-size\">Leur permettre d&rsquo;avoir acc\u00e8s \u00e0 un soutien scolaire et sanitaire, pour endiguer ce fl\u00e9au national qui touche ces enfants: avoir connu r\u00e9cemment les Mac Do et Coca Cola qui font une g\u00e9n\u00e9ration galopante d&rsquo;enfants ob\u00e8ses et diab\u00e9tiques. Double peine car ils n&rsquo;ont pas acc\u00e8s facilement aux traitements appropri\u00e9s.<\/p>\n\n\n\n<p class=\"has-luminous-vivid-orange-color has-text-color has-medium-font-size\">Mon intention est interactive et avec la d\u00e9cision de r\u00e9troc\u00e9der une partie de mes ventes \u00e0 des communaut\u00e9s, afin de les aider modestement et de nous sensibiliser \u00e0 leurs probl\u00e9matiques vitales sanitaires et scolaires. Ma d\u00e9marche est sinc\u00e8re, \u00e9thique, bas\u00e9e sur la bonne foi et le respect de leurs valeurs culturelles.<\/p>\n\n\n\n<p class=\"has-luminous-vivid-orange-color has-text-color has-medium-font-size\">Les Inspirations aborig\u00e8nes souhaitent tisser des relations de partenariats et de m\u00e9c\u00e9nats avec des entreprises : petites ou grosses ! pour avancer ensemble plus vite et plus loin.<\/p>\n\n\n<div class=\"wp-block-image\">\n<figure class=\"aligncenter size-full is-resized\"><img decoding=\"async\" src=\"https:\/\/inspirations-aborigenes.fr\/wp-content\/uploads\/2023\/02\/M2CENAT-2.jpg\" alt=\"\" class=\"wp-image-928\" width=\"339\" height=\"313\" srcset=\"https:\/\/www.inspirationsaborigenes.fr\/wp-content\/uploads\/2023\/02\/M2CENAT-2.jpg 807w, https:\/\/www.inspirationsaborigenes.fr\/wp-content\/uploads\/2023\/02\/M2CENAT-2-300x277.jpg 300w, https:\/\/www.inspirationsaborigenes.fr\/wp-content\/uploads\/2023\/02\/M2CENAT-2-768x709.jpg 768w\" sizes=\"(max-width: 339px) 100vw, 339px\" \/><\/figure>\n<\/div>\n\n\n<h2 class=\"has-luminous-vivid-orange-color has-text-color has-medium-font-size wp-block-heading\">D\u00e9fiscalisation d\u2019\u0153uvres d\u2019art : mode d\u2019emploi pour les entreprises<\/h2>\n\n\n\n<p class=\"has-medium-font-size\">Beaucoup de dirigeants d\u2019entreprises ignorent une disposition fiscale pourtant&nbsp;tr\u00e8s avantageuse&nbsp;: embellir ses locaux en y installant des \u0153uvres d\u2019artistes vivants, tout en r\u00e9duisant son imp\u00f4t sur les soci\u00e9t\u00e9s !<\/p>\n\n\n\n<p class=\"has-medium-font-size\">Allier travail et plaisir (des yeux), qui n\u2019en a pas r\u00eav\u00e9\u00a0? Certaines entreprises se sont octroy\u00e9 ce privil\u00e8ge en d\u00e9corant leurs bureaux \u00e0 l\u2019aide de magnifiques \u0153uvres d\u2019art contemporain. Cela renforce votre image, et d\u00e9veloppe une image haut-de-gamme vis-\u00e0-vis de vos clients, fournisseurs, partenaires\u2026<\/p>\n\n\n\n<p class=\"has-luminous-vivid-orange-color has-text-color has-medium-font-size\">L\u2018article 238 bis AB du CGI permet aux entreprises d\u2019acqu\u00e9rir des \u0153uvres d\u2019art contemporain et d\u2019op\u00e9rer une d\u00e9duction fiscale sur 5 ans, ce dispositif a pour but d\u2019encourager le m\u00e9c\u00e9nat.<\/p>\n\n\n\n<p class=\"has-luminous-vivid-orange-color has-text-color has-medium-font-size\">Pour l\u2019achat d\u2019une \u0153uvre d\u2019art, un professionnel peut d\u00e9duire de son assiette imposable&nbsp;20% du prix d\u2019achat&nbsp;d\u2019une \u0153uvre d\u2019art sur une dur\u00e9e de&nbsp;5 ans, dans la limite de&nbsp;0,5% du chiffre d\u2019affaires annuel de l\u2019entreprise.<\/p>\n\n\n\n<p class=\"has-medium-font-size\"><strong>Les crit\u00e8res \u00e0 respecter\u00a0:<\/strong><\/p>\n\n\n\n<ul class=\"wp-block-list\">\n<li>Acheter des \u0153uvres d\u2019art contemporain et d\u2019artistes vivants<\/li>\n\n\n\n<li>Seules les&nbsp;\u0153uvres&nbsp;contemporaines&nbsp;sont prises en compte dans ce dispositif fiscal. En effet, l\u2019artiste doit \u00eatre&nbsp;vivant&nbsp;au moment de l\u2019achat de l\u2019\u0153uvre.<\/li>\n\n\n\n<li>Exposer ses \u0153uvres dans un lieu public<\/li>\n\n\n\n<li>Pendant au&nbsp;minimum 5 ans, soit la dur\u00e9e d\u2019amortissement de l\u2019\u0153uvre concern\u00e9e, celle-ci doit imp\u00e9rativement \u00eatre&nbsp;expos\u00e9e&nbsp;dans des lieux accessibles au public, accueillants le personnel de l\u2019entreprise, les clients et collaborateurs. En somme, elle ne peut pas \u00eatre plac\u00e9e dans un bureau priv\u00e9 ou dans un lieu r\u00e9serv\u00e9 aux seuls clients de l\u2019entreprise, par exemple.<\/li>\n\n\n\n<li>Inscrire les \u0153uvres au bilan de la soci\u00e9t\u00e9.<\/li>\n\n\n\n<li>Le dispositif de la d\u00e9duction n\u00e9cessite de pouvoir inscrire le prix d\u2019acquisition d\u00e9ductible au&nbsp;bilan de l\u2019entreprise. D\u2019autre part, les \u0153uvres ne peuvent pas \u00eatre achet\u00e9es pour \u00eatre revendues rapidement. En effet, elles doivent faire l\u2019objet d\u2019une&nbsp;immobilisation&nbsp;sur les comptes de l\u2019entreprise. Elles seront donc&nbsp;d\u00e9duites par fraction \u00e9gale&nbsp;chaque ann\u00e9e durant 5 ans (dans la limite de 0,5 % du chiffre d\u2019affaires).<\/li>\n<\/ul>\n","protected":false},"excerpt":{"rendered":"<p>Sans pouvoir apprendre \u00e0 lire ou bien \u00e9crire, les enfants aborig\u00e8nes du d\u00e9sert australien, ont peu de chances de pouvoir aller \u00e0 l&rsquo;\u00e9cole, apprendre un m\u00e9tier ou en trouver un, peu de chance de s&rsquo;\u00e9lever dans la vie sociale ou professionnelle, je trouve que c&rsquo;est une grave injustice. Petite pierre apr\u00e8s petite pierre, nous pouvons tous \u00e0 notre niveau, faire que ce processus discriminatoire, cesse petit \u00e0 petit. C&rsquo;est la mission pour laquelle je me suis engag\u00e9e personnellement. Leur permettre d&rsquo;avoir acc\u00e8s \u00e0 un soutien scolaire et sanitaire, pour endiguer ce fl\u00e9au national qui touche ces enfants: avoir connu r\u00e9cemment les Mac Do et Coca Cola qui font une g\u00e9n\u00e9ration galopante d&rsquo;enfants ob\u00e8ses et diab\u00e9tiques. Double peine car ils n&rsquo;ont pas acc\u00e8s facilement aux traitements appropri\u00e9s. Mon intention est interactive et avec la d\u00e9cision de r\u00e9troc\u00e9der une partie de mes ventes \u00e0 des communaut\u00e9s, afin de les aider modestement et de nous sensibiliser \u00e0 leurs probl\u00e9matiques vitales sanitaires et scolaires. Ma d\u00e9marche est sinc\u00e8re, \u00e9thique, bas\u00e9e sur la bonne foi et le respect de leurs valeurs culturelles. Les Inspirations aborig\u00e8nes souhaitent tisser des relations de partenariats et de m\u00e9c\u00e9nats avec des entreprises : petites ou grosses ! pour avancer ensemble plus vite et plus loin. D\u00e9fiscalisation d\u2019\u0153uvres d\u2019art : mode d\u2019emploi pour les entreprises Beaucoup de dirigeants d\u2019entreprises ignorent une disposition fiscale pourtant&nbsp;tr\u00e8s avantageuse&nbsp;: embellir ses locaux en y installant des \u0153uvres d\u2019artistes vivants, tout en r\u00e9duisant son imp\u00f4t sur les soci\u00e9t\u00e9s ! Allier travail et plaisir (des yeux), qui n\u2019en a pas r\u00eav\u00e9\u00a0? Certaines entreprises se sont octroy\u00e9 ce privil\u00e8ge en d\u00e9corant leurs bureaux \u00e0 l\u2019aide de magnifiques \u0153uvres d\u2019art contemporain. Cela renforce votre image, et d\u00e9veloppe une image haut-de-gamme vis-\u00e0-vis de vos clients, fournisseurs, partenaires\u2026 L\u2018article 238 bis AB du CGI permet aux entreprises d\u2019acqu\u00e9rir des \u0153uvres d\u2019art contemporain et d\u2019op\u00e9rer une d\u00e9duction fiscale sur 5 ans, ce dispositif a pour but d\u2019encourager le m\u00e9c\u00e9nat. Pour l\u2019achat d\u2019une \u0153uvre d\u2019art, un professionnel peut d\u00e9duire de son assiette imposable&nbsp;20% du prix d\u2019achat&nbsp;d\u2019une \u0153uvre d\u2019art sur une dur\u00e9e de&nbsp;5 ans, dans la limite de&nbsp;0,5% du chiffre d\u2019affaires annuel de l\u2019entreprise. Les crit\u00e8res \u00e0 respecter\u00a0:<\/p>\n","protected":false},"author":2,"featured_media":0,"parent":0,"menu_order":0,"comment_status":"closed","ping_status":"closed","template":"","meta":{"footnotes":""},"class_list":["post-330","page","type-page","status-publish","hentry"],"_links":{"self":[{"href":"https:\/\/www.inspirationsaborigenes.fr\/index.php?rest_route=\/wp\/v2\/pages\/330","targetHints":{"allow":["GET"]}}],"collection":[{"href":"https:\/\/www.inspirationsaborigenes.fr\/index.php?rest_route=\/wp\/v2\/pages"}],"about":[{"href":"https:\/\/www.inspirationsaborigenes.fr\/index.php?rest_route=\/wp\/v2\/types\/page"}],"author":[{"embeddable":true,"href":"https:\/\/www.inspirationsaborigenes.fr\/index.php?rest_route=\/wp\/v2\/users\/2"}],"replies":[{"embeddable":true,"href":"https:\/\/www.inspirationsaborigenes.fr\/index.php?rest_route=%2Fwp%2Fv2%2Fcomments&post=330"}],"version-history":[{"count":0,"href":"https:\/\/www.inspirationsaborigenes.fr\/index.php?rest_route=\/wp\/v2\/pages\/330\/revisions"}],"wp:attachment":[{"href":"https:\/\/www.inspirationsaborigenes.fr\/index.php?rest_route=%2Fwp%2Fv2%2Fmedia&parent=330"}],"curies":[{"name":"wp","href":"https:\/\/api.w.org\/{rel}","templated":true}]}}

<p class="has-white-color has-text-color has-medium-font-size">Sans pouvoir apprendre à lire ou bien écrire, les enfants aborigènes du désert australien, ont peu de chances de pouvoir aller à l&rsquo;école, apprendre un métier ou en trouver un, peu de chance de s&rsquo;élever dans la vie sociale ou professionnelle, je trouve que c&rsquo;est une grave injustice.</p>



<p class="has-white-color has-text-color has-medium-font-size">Petite pierre après petite pierre, nous pouvons tous à  notre niveau, faire que ce processus discriminatoire, cesse petit à petit. C&rsquo;est la mission pour laquelle je me suis engagée personnellement. </p>



<p class="has-white-color has-text-color has-medium-font-size">Leur permettre d&rsquo;avoir accès à un soutien scolaire et sanitaire, pour endiguer ce fléau national qui touche ces enfants: avoir connu récemment les Mac Do et Coca Cola qui font une génération galopante d&rsquo;enfants obèses et diabétiques. Double peine car ils n&rsquo;ont pas accès facilement aux traitements appropriés.</p>



<p class="has-luminous-vivid-orange-color has-text-color has-medium-font-size">Mon intention est interactive et avec la décision de rétrocéder une partie de mes ventes à des communautés, afin de les aider modestement et de nous sensibiliser à leurs problématiques vitales sanitaires et scolaires. Ma démarche est sincère, éthique, basée sur la bonne foi et le respect de leurs valeurs culturelles.</p>



<p class="has-luminous-vivid-orange-color has-text-color has-medium-font-size">Les Inspirations aborigènes souhaitent tisser des relations de partenariats et de mécénats avec des entreprises : petites ou grosses ! pour avancer ensemble plus vite et plus loin.</p>


<div class="wp-block-image">
<figure class="aligncenter size-full is-resized"><img decoding="async" src="https://inspirations-aborigenes.fr/wp-content/uploads/2023/02/M2CENAT-2.jpg" alt="" class="wp-image-928" width="339" height="313" srcset="https://www.inspirationsaborigenes.fr/wp-content/uploads/2023/02/M2CENAT-2.jpg 807w, https://www.inspirationsaborigenes.fr/wp-content/uploads/2023/02/M2CENAT-2-300x277.jpg 300w, https://www.inspirationsaborigenes.fr/wp-content/uploads/2023/02/M2CENAT-2-768x709.jpg 768w" sizes="(max-width: 339px) 100vw, 339px" /></figure>
</div>


<h2 class="has-luminous-vivid-orange-color has-text-color has-medium-font-size wp-block-heading">Défiscalisation d’œuvres d’art : mode d’emploi pour les entreprises</h2>



<p class="has-medium-font-size">Beaucoup de dirigeants d’entreprises ignorent une disposition fiscale pourtant&nbsp;très avantageuse&nbsp;: embellir ses locaux en y installant des œuvres d’artistes vivants, tout en réduisant son impôt sur les sociétés !</p>



<p class="has-medium-font-size">Allier travail et plaisir (des yeux), qui n’en a pas rêvé ? Certaines entreprises se sont octroyé ce privilège en décorant leurs bureaux à l’aide de magnifiques œuvres d’art contemporain. Cela renforce votre image, et développe une image haut-de-gamme vis-à-vis de vos clients, fournisseurs, partenaires…</p>



<p class="has-luminous-vivid-orange-color has-text-color has-medium-font-size">L‘article 238 bis AB du CGI permet aux entreprises d’acquérir des œuvres d’art contemporain et d’opérer une déduction fiscale sur 5 ans, ce dispositif a pour but d’encourager le mécénat.</p>



<p class="has-luminous-vivid-orange-color has-text-color has-medium-font-size">Pour l’achat d’une œuvre d’art, un professionnel peut déduire de son assiette imposable&nbsp;20% du prix d’achat&nbsp;d’une œuvre d’art sur une durée de&nbsp;5 ans, dans la limite de&nbsp;0,5% du chiffre d’affaires annuel de l’entreprise.</p>



<p class="has-medium-font-size"><strong>Les critères à respecter :</strong></p>



<ul class="wp-block-list">
<li>Acheter des œuvres d’art contemporain et d’artistes vivants</li>



<li>Seules les&nbsp;œuvres&nbsp;contemporaines&nbsp;sont prises en compte dans ce dispositif fiscal. En effet, l’artiste doit être&nbsp;vivant&nbsp;au moment de l’achat de l’œuvre.</li>



<li>Exposer ses œuvres dans un lieu public</li>



<li>Pendant au&nbsp;minimum 5 ans, soit la durée d’amortissement de l’œuvre concernée, celle-ci doit impérativement être&nbsp;exposée&nbsp;dans des lieux accessibles au public, accueillants le personnel de l’entreprise, les clients et collaborateurs. En somme, elle ne peut pas être placée dans un bureau privé ou dans un lieu réservé aux seuls clients de l’entreprise, par exemple.</li>



<li>Inscrire les œuvres au bilan de la société.</li>



<li>Le dispositif de la déduction nécessite de pouvoir inscrire le prix d’acquisition déductible au&nbsp;bilan de l’entreprise. D’autre part, les œuvres ne peuvent pas être achetées pour être revendues rapidement. En effet, elles doivent faire l’objet d’une&nbsp;immobilisation&nbsp;sur les comptes de l’entreprise. Elles seront donc&nbsp;déduites par fraction égale&nbsp;chaque année durant 5 ans (dans la limite de 0,5 % du chiffre d’affaires).</li>
</ul>

<p>Sans pouvoir apprendre à lire ou bien écrire, les enfants aborigènes du désert australien, ont peu de chances de pouvoir aller à l&rsquo;école, apprendre un métier ou en trouver un, peu de chance de s&rsquo;élever dans la vie sociale ou professionnelle, je trouve que c&rsquo;est une grave injustice. Petite pierre après petite pierre, nous pouvons tous à notre niveau, faire que ce processus discriminatoire, cesse petit à petit. C&rsquo;est la mission pour laquelle je me suis engagée personnellement. Leur permettre d&rsquo;avoir accès à un soutien scolaire et sanitaire, pour endiguer ce fléau national qui touche ces enfants: avoir connu récemment les Mac Do et Coca Cola qui font une génération galopante d&rsquo;enfants obèses et diabétiques. Double peine car ils n&rsquo;ont pas accès facilement aux traitements appropriés. Mon intention est interactive et avec la décision de rétrocéder une partie de mes ventes à des communautés, afin de les aider modestement et de nous sensibiliser à leurs problématiques vitales sanitaires et scolaires. Ma démarche est sincère, éthique, basée sur la bonne foi et le respect de leurs valeurs culturelles. Les Inspirations aborigènes souhaitent tisser des relations de partenariats et de mécénats avec des entreprises : petites ou grosses ! pour avancer ensemble plus vite et plus loin. Défiscalisation d’œuvres d’art : mode d’emploi pour les entreprises Beaucoup de dirigeants d’entreprises ignorent une disposition fiscale pourtant&nbsp;très avantageuse&nbsp;: embellir ses locaux en y installant des œuvres d’artistes vivants, tout en réduisant son impôt sur les sociétés ! Allier travail et plaisir (des yeux), qui n’en a pas rêvé ? Certaines entreprises se sont octroyé ce privilège en décorant leurs bureaux à l’aide de magnifiques œuvres d’art contemporain. Cela renforce votre image, et développe une image haut-de-gamme vis-à-vis de vos clients, fournisseurs, partenaires… L‘article 238 bis AB du CGI permet aux entreprises d’acquérir des œuvres d’art contemporain et d’opérer une déduction fiscale sur 5 ans, ce dispositif a pour but d’encourager le mécénat. Pour l’achat d’une œuvre d’art, un professionnel peut déduire de son assiette imposable&nbsp;20% du prix d’achat&nbsp;d’une œuvre d’art sur une durée de&nbsp;5 ans, dans la limite de&nbsp;0,5% du chiffre d’affaires annuel de l’entreprise. Les critères à respecter :</p>
