{"id":324,"date":"2023-01-13T10:21:48","date_gmt":"2023-01-13T09:21:48","guid":{"rendered":"https:\/\/inspirations-aborigenes.fr\/?page_id=324"},"modified":"2023-01-16T23:10:20","modified_gmt":"2023-01-16T22:10:20","slug":"mon-parcours","status":"publish","type":"page","link":"https:\/\/www.inspirationsaborigenes.fr\/?page_id=324","title":{"rendered":"MON PARCOURS"},"content":{"rendered":"\n<p class=\"has-medium-font-size\">Suite \u00e0 un grave accident de la route, au handicap, \u00e0 l\u2019immobilisation forc\u00e9e, \u00e0 cinq ans pour remarcher, et pour reconstruire mon corps, et mon \u00e2me, ma vision de la vie et du monde a \u00e9t\u00e9 chamboul\u00e9e, depuis on m\u2019a baptis\u00e9e la r\u00e9siliente&nbsp;!<\/p>\n\n\n\n<p class=\"has-medium-font-size\">Totalement immobilis\u00e9e 6 mois dans du sable, je suis rest\u00e9e, sans pouvoir bouger, \u00e0 regarder le plafond, tellement j\u2019\u00e9tais cass\u00e9e. S\u2019est impos\u00e9e \u00e0 moi, l\u2019urgente n\u00e9cessit\u00e9 de me poser des questions existentielles sur, le pourquoi et le sens de ma vie\u00a0?\u00a0Faire l\u2019exp\u00e9rience du d\u00e9sert int\u00e9rieur&#8230;\u00a0\u00a0<\/p>\n\n\n\n<p class=\"has-medium-font-size\">J\u2019ai entam\u00e9 des d\u00e9marches de d\u00e9veloppement personnel, me suis reconnect\u00e9e avec une certaine forme de spiritualit\u00e9, j\u2019ai d\u00e9vor\u00e9 des livres \u00e9sot\u00e9riques, \u00e9tudi\u00e9 le symbolisme du tarot, relu les philosophes, les grands classiques, \u00e9cout\u00e9 toutes sortes de musiques, je devais trouver le vrai sens de ma vie, et un avenir \u00e0 r\u00e9-inventer.<\/p>\n\n\n<div class=\"wp-block-image\">\n<figure class=\"aligncenter size-large is-resized\"><img decoding=\"async\" src=\"https:\/\/inspirations-aborigenes.fr\/wp-content\/uploads\/2023\/01\/AdobeStock_537686772-1-2-1024x585.jpeg\" alt=\"\" class=\"wp-image-652\" width=\"688\" height=\"392\" srcset=\"https:\/\/www.inspirationsaborigenes.fr\/wp-content\/uploads\/2023\/01\/AdobeStock_537686772-1-2-1024x585.jpeg 1024w, https:\/\/www.inspirationsaborigenes.fr\/wp-content\/uploads\/2023\/01\/AdobeStock_537686772-1-2-300x171.jpeg 300w, https:\/\/www.inspirationsaborigenes.fr\/wp-content\/uploads\/2023\/01\/AdobeStock_537686772-1-2-768x439.jpeg 768w, https:\/\/www.inspirationsaborigenes.fr\/wp-content\/uploads\/2023\/01\/AdobeStock_537686772-1-2-1536x878.jpeg 1536w, https:\/\/www.inspirationsaborigenes.fr\/wp-content\/uploads\/2023\/01\/AdobeStock_537686772-1-2-1140x651.jpeg 1140w, https:\/\/www.inspirationsaborigenes.fr\/wp-content\/uploads\/2023\/01\/AdobeStock_537686772-1-2.jpeg 1920w\" sizes=\"(max-width: 688px) 100vw, 688px\" \/><figcaption class=\"wp-element-caption\">Aboriginal Australian children are studying together, reading, writing and learning, concept digital illustration<\/figcaption><\/figure>\n<\/div>\n\n\n<p class=\"has-text-align-center has-luminous-vivid-orange-color has-text-color has-medium-font-size\"><strong><em>\u00catre utile !!<\/em><\/strong><\/p>\n\n\n\n<p class=\"has-medium-font-size\">Depuis, mes valeurs et mes priorit\u00e9s ont chang\u00e9. J\u2019ai d\u00fb accepter et comprendre le pourquoi, de tout ce qui m\u2019avait \u00e9t\u00e9 retir\u00e9&nbsp;: jambes, travail, argent, amis\u2026<\/p>\n\n\n\n<p class=\"has-medium-font-size\">Apr\u00e8s plus de trente ans, le nez dans le guidon, avec objectifs commerciaux, toujours plus, toujours mieux, toute une vie dans le travail. La devise derri\u00e8re le bureau de mon patron\u00a0:        le 1 er qui se plaint de la conjoncture et de la concurrence, va les retrouver, bref une vie de \u00ab\u00a0marche ou cr\u00e8ve\u00a0\u00bb o\u00f9 je me suis perdue, toujours frustr\u00e9e de ce que je n\u2019avais pas ou plus.<\/p>\n\n\n\n<p class=\"has-luminous-vivid-orange-color has-text-color has-medium-font-size\"><strong><em>La vie s\u2019est charg\u00e9e de me faire \u00ab\u00a0m\u2019arr\u00eater\u00a0\u00bb pour trouver le vrai sens de ma vie. Je l\u2019en remercie car j\u2019aurai pu le d\u00e9couvrir beaucoup plus tard. J\u2019ai trouv\u00e9 le vrai sens de ma vie. Je devais \u00eatre utile aux autres, et \u00eatre \u00ab\u00a0m\u00e8re\u00a0\u00bb d\u2019une autre fa\u00e7on\u2026<\/em><\/strong><\/p>\n\n\n\n<p class=\"has-medium-font-size\">A 44 ans je suis retourn\u00e9e en Fac, j\u2019ai repris des \u00e9tudes pour me reconvertir professionnellement : \u00e9cole de commerce international, master du tourisme, agent de d\u00e9veloppement territorial &#8230; puis enfin la retraite&nbsp;!<\/p>\n\n\n<div class=\"wp-block-image\">\n<figure class=\"aligncenter size-large is-resized\"><img decoding=\"async\" src=\"https:\/\/inspirations-aborigenes.fr\/wp-content\/uploads\/2023\/01\/AdobeStock_264943898-2-1024x731.jpeg\" alt=\"\" class=\"wp-image-654\" width=\"604\" height=\"430\" srcset=\"https:\/\/www.inspirationsaborigenes.fr\/wp-content\/uploads\/2023\/01\/AdobeStock_264943898-2-1024x731.jpeg 1024w, https:\/\/www.inspirationsaborigenes.fr\/wp-content\/uploads\/2023\/01\/AdobeStock_264943898-2-300x214.jpeg 300w, https:\/\/www.inspirationsaborigenes.fr\/wp-content\/uploads\/2023\/01\/AdobeStock_264943898-2-768x548.jpeg 768w, https:\/\/www.inspirationsaborigenes.fr\/wp-content\/uploads\/2023\/01\/AdobeStock_264943898-2-1536x1097.jpeg 1536w, https:\/\/www.inspirationsaborigenes.fr\/wp-content\/uploads\/2023\/01\/AdobeStock_264943898-2-1140x814.jpeg 1140w, https:\/\/www.inspirationsaborigenes.fr\/wp-content\/uploads\/2023\/01\/AdobeStock_264943898-2.jpeg 1920w\" sizes=\"(max-width: 604px) 100vw, 604px\" \/><figcaption class=\"wp-element-caption\"><strong><em>\u00caTRE UTILE !!!<\/em><\/strong><\/figcaption><\/figure>\n<\/div>\n\n\n<p class=\"has-medium-font-size\">Dans ma vie professionnelle ant\u00e9rieure, j\u2019avais d\u00e9j\u00e0 bourlingu\u00e9 le monde, mais je m\u2019\u00e9tais fix\u00e9e un but&nbsp;: si je remarchais un jour, j\u2019irai en Australie, rencontrer les peuples aborig\u00e8nes, car ce pays m\u2019appelait depuis longtemps\u2026<\/p>\n\n\n\n<p class=\"has-luminous-vivid-orange-color has-text-color has-medium-font-size\"><strong><em>Alors je suis devenue une observatrice tr\u00e8s attentive au monde qui m&rsquo;entoure. Je suis attentive aux signes. J\u2019ai continu\u00e9 \u00e0 voyager, et int\u00e9gr\u00e9 mes voyages dans mes peintures. Dans mon art, il y a le monde visible et puis il y a mon imaginaire d\u2019artiste. Mes toiles sont ce qui se produit, lorsque les deux se rencontrent.<\/em><\/strong><\/p>\n\n\n<div class=\"wp-block-image\">\n<figure class=\"alignright size-full is-resized\"><img decoding=\"async\" src=\"https:\/\/inspirations-aborigenes.fr\/wp-content\/uploads\/2023\/01\/kangoo-ebahi.jpg\" alt=\"\" class=\"wp-image-657\" width=\"216\" height=\"247\" srcset=\"https:\/\/www.inspirationsaborigenes.fr\/wp-content\/uploads\/2023\/01\/kangoo-ebahi.jpg 301w, https:\/\/www.inspirationsaborigenes.fr\/wp-content\/uploads\/2023\/01\/kangoo-ebahi-263x300.jpg 263w\" sizes=\"(max-width: 216px) 100vw, 216px\" \/><\/figure>\n<\/div>\n\n\n<figure class=\"wp-block-image size-full is-resized\"><img decoding=\"async\" src=\"https:\/\/inspirations-aborigenes.fr\/wp-content\/uploads\/2023\/01\/timbre-1.jpg\" alt=\"\" class=\"wp-image-655\" width=\"423\" height=\"207\" srcset=\"https:\/\/www.inspirationsaborigenes.fr\/wp-content\/uploads\/2023\/01\/timbre-1.jpg 987w, https:\/\/www.inspirationsaborigenes.fr\/wp-content\/uploads\/2023\/01\/timbre-1-300x147.jpg 300w, https:\/\/www.inspirationsaborigenes.fr\/wp-content\/uploads\/2023\/01\/timbre-1-768x377.jpg 768w\" sizes=\"(max-width: 423px) 100vw, 423px\" \/><\/figure>\n","protected":false},"excerpt":{"rendered":"<p>Suite \u00e0 un grave accident de la route, au handicap, \u00e0 l\u2019immobilisation forc\u00e9e, \u00e0 cinq ans pour remarcher, et pour reconstruire mon corps, et mon \u00e2me, ma vision de la vie et du monde a \u00e9t\u00e9 chamboul\u00e9e, depuis on m\u2019a baptis\u00e9e la r\u00e9siliente&nbsp;! Totalement immobilis\u00e9e 6 mois dans du sable, je suis rest\u00e9e, sans pouvoir bouger, \u00e0 regarder le plafond, tellement j\u2019\u00e9tais cass\u00e9e. S\u2019est impos\u00e9e \u00e0 moi, l\u2019urgente n\u00e9cessit\u00e9 de me poser des questions existentielles sur, le pourquoi et le sens de ma vie\u00a0?\u00a0Faire l\u2019exp\u00e9rience du d\u00e9sert int\u00e9rieur&#8230;\u00a0\u00a0 J\u2019ai entam\u00e9 des d\u00e9marches de d\u00e9veloppement personnel, me suis reconnect\u00e9e avec une certaine forme de spiritualit\u00e9, j\u2019ai d\u00e9vor\u00e9 des livres \u00e9sot\u00e9riques, \u00e9tudi\u00e9 le symbolisme du tarot, relu les philosophes, les grands classiques, \u00e9cout\u00e9 toutes sortes de musiques, je devais trouver le vrai sens de ma vie, et un avenir \u00e0 r\u00e9-inventer. \u00catre utile !! Depuis, mes valeurs et mes priorit\u00e9s ont chang\u00e9. J\u2019ai d\u00fb accepter et comprendre le pourquoi, de tout ce qui m\u2019avait \u00e9t\u00e9 retir\u00e9&nbsp;: jambes, travail, argent, amis\u2026 Apr\u00e8s plus de trente ans, le nez dans le guidon, avec objectifs commerciaux, toujours plus, toujours mieux, toute une vie dans le travail. La devise derri\u00e8re le bureau de mon patron\u00a0: le 1 er qui se plaint de la conjoncture et de la concurrence, va les retrouver, bref une vie de \u00ab\u00a0marche ou cr\u00e8ve\u00a0\u00bb o\u00f9 je me suis perdue, toujours frustr\u00e9e de ce que je n\u2019avais pas ou plus. La vie s\u2019est charg\u00e9e de me faire \u00ab\u00a0m\u2019arr\u00eater\u00a0\u00bb pour trouver le vrai sens de ma vie. Je l\u2019en remercie car j\u2019aurai pu le d\u00e9couvrir beaucoup plus tard. J\u2019ai trouv\u00e9 le vrai sens de ma vie. Je devais \u00eatre utile aux autres, et \u00eatre \u00ab\u00a0m\u00e8re\u00a0\u00bb d\u2019une autre fa\u00e7on\u2026 A 44 ans je suis retourn\u00e9e en Fac, j\u2019ai repris des \u00e9tudes pour me reconvertir professionnellement : \u00e9cole de commerce international, master du tourisme, agent de d\u00e9veloppement territorial &#8230; puis enfin la retraite&nbsp;! Dans ma vie professionnelle ant\u00e9rieure, j\u2019avais d\u00e9j\u00e0 bourlingu\u00e9 le monde, mais je m\u2019\u00e9tais fix\u00e9e un but&nbsp;: si je remarchais un jour, j\u2019irai en Australie, rencontrer les peuples aborig\u00e8nes, car ce pays m\u2019appelait depuis longtemps\u2026 Alors je suis devenue une observatrice tr\u00e8s attentive au monde qui m&rsquo;entoure. Je suis attentive aux signes. J\u2019ai continu\u00e9 \u00e0 voyager, et int\u00e9gr\u00e9 mes voyages dans mes peintures. Dans mon art, il y a le monde visible et puis il y a mon imaginaire d\u2019artiste. Mes toiles sont ce qui se produit, lorsque les deux se rencontrent.<\/p>\n","protected":false},"author":2,"featured_media":0,"parent":0,"menu_order":0,"comment_status":"closed","ping_status":"closed","template":"","meta":{"footnotes":""},"class_list":["post-324","page","type-page","status-publish","hentry"],"_links":{"self":[{"href":"https:\/\/www.inspirationsaborigenes.fr\/index.php?rest_route=\/wp\/v2\/pages\/324","targetHints":{"allow":["GET"]}}],"collection":[{"href":"https:\/\/www.inspirationsaborigenes.fr\/index.php?rest_route=\/wp\/v2\/pages"}],"about":[{"href":"https:\/\/www.inspirationsaborigenes.fr\/index.php?rest_route=\/wp\/v2\/types\/page"}],"author":[{"embeddable":true,"href":"https:\/\/www.inspirationsaborigenes.fr\/index.php?rest_route=\/wp\/v2\/users\/2"}],"replies":[{"embeddable":true,"href":"https:\/\/www.inspirationsaborigenes.fr\/index.php?rest_route=%2Fwp%2Fv2%2Fcomments&post=324"}],"version-history":[{"count":0,"href":"https:\/\/www.inspirationsaborigenes.fr\/index.php?rest_route=\/wp\/v2\/pages\/324\/revisions"}],"wp:attachment":[{"href":"https:\/\/www.inspirationsaborigenes.fr\/index.php?rest_route=%2Fwp%2Fv2%2Fmedia&parent=324"}],"curies":[{"name":"wp","href":"https:\/\/api.w.org\/{rel}","templated":true}]}}

<p class="has-medium-font-size">Suite à un grave accident de la route, au handicap, à l’immobilisation forcée, à cinq ans pour remarcher, et pour reconstruire mon corps, et mon âme, ma vision de la vie et du monde a été chamboulée, depuis on m’a baptisée la résiliente&nbsp;!</p>



<p class="has-medium-font-size">Totalement immobilisée 6 mois dans du sable, je suis restée, sans pouvoir bouger, à regarder le plafond, tellement j’étais cassée. S’est imposée à moi, l’urgente nécessité de me poser des questions existentielles sur, le pourquoi et le sens de ma vie ? Faire l’expérience du désert intérieur&#8230;  </p>



<p class="has-medium-font-size">J’ai entamé des démarches de développement personnel, me suis reconnectée avec une certaine forme de spiritualité, j’ai dévoré des livres ésotériques, étudié le symbolisme du tarot, relu les philosophes, les grands classiques, écouté toutes sortes de musiques, je devais trouver le vrai sens de ma vie, et un avenir à ré-inventer.</p>


<div class="wp-block-image">
<figure class="aligncenter size-large is-resized"><img decoding="async" src="https://inspirations-aborigenes.fr/wp-content/uploads/2023/01/AdobeStock_537686772-1-2-1024x585.jpeg" alt="" class="wp-image-652" width="688" height="392" srcset="https://www.inspirationsaborigenes.fr/wp-content/uploads/2023/01/AdobeStock_537686772-1-2-1024x585.jpeg 1024w, https://www.inspirationsaborigenes.fr/wp-content/uploads/2023/01/AdobeStock_537686772-1-2-300x171.jpeg 300w, https://www.inspirationsaborigenes.fr/wp-content/uploads/2023/01/AdobeStock_537686772-1-2-768x439.jpeg 768w, https://www.inspirationsaborigenes.fr/wp-content/uploads/2023/01/AdobeStock_537686772-1-2-1536x878.jpeg 1536w, https://www.inspirationsaborigenes.fr/wp-content/uploads/2023/01/AdobeStock_537686772-1-2-1140x651.jpeg 1140w, https://www.inspirationsaborigenes.fr/wp-content/uploads/2023/01/AdobeStock_537686772-1-2.jpeg 1920w" sizes="(max-width: 688px) 100vw, 688px" /><figcaption class="wp-element-caption">Aboriginal Australian children are studying together, reading, writing and learning, concept digital illustration</figcaption></figure>
</div>


<p class="has-text-align-center has-luminous-vivid-orange-color has-text-color has-medium-font-size"><strong><em>Être utile !!</em></strong></p>



<p class="has-medium-font-size">Depuis, mes valeurs et mes priorités ont changé. J’ai dû accepter et comprendre le pourquoi, de tout ce qui m’avait été retiré&nbsp;: jambes, travail, argent, amis…</p>



<p class="has-medium-font-size">Après plus de trente ans, le nez dans le guidon, avec objectifs commerciaux, toujours plus, toujours mieux, toute une vie dans le travail. La devise derrière le bureau de mon patron :        le 1 er qui se plaint de la conjoncture et de la concurrence, va les retrouver, bref une vie de « marche ou crève » où je me suis perdue, toujours frustrée de ce que je n’avais pas ou plus.</p>



<p class="has-luminous-vivid-orange-color has-text-color has-medium-font-size"><strong><em>La vie s’est chargée de me faire « m’arrêter » pour trouver le vrai sens de ma vie. Je l’en remercie car j’aurai pu le découvrir beaucoup plus tard. J’ai trouvé le vrai sens de ma vie. Je devais être utile aux autres, et être « mère » d’une autre façon…</em></strong></p>



<p class="has-medium-font-size">A 44 ans je suis retournée en Fac, j’ai repris des études pour me reconvertir professionnellement : école de commerce international, master du tourisme, agent de développement territorial &#8230; puis enfin la retraite&nbsp;!</p>


<div class="wp-block-image">
<figure class="aligncenter size-large is-resized"><img decoding="async" src="https://inspirations-aborigenes.fr/wp-content/uploads/2023/01/AdobeStock_264943898-2-1024x731.jpeg" alt="" class="wp-image-654" width="604" height="430" srcset="https://www.inspirationsaborigenes.fr/wp-content/uploads/2023/01/AdobeStock_264943898-2-1024x731.jpeg 1024w, https://www.inspirationsaborigenes.fr/wp-content/uploads/2023/01/AdobeStock_264943898-2-300x214.jpeg 300w, https://www.inspirationsaborigenes.fr/wp-content/uploads/2023/01/AdobeStock_264943898-2-768x548.jpeg 768w, https://www.inspirationsaborigenes.fr/wp-content/uploads/2023/01/AdobeStock_264943898-2-1536x1097.jpeg 1536w, https://www.inspirationsaborigenes.fr/wp-content/uploads/2023/01/AdobeStock_264943898-2-1140x814.jpeg 1140w, https://www.inspirationsaborigenes.fr/wp-content/uploads/2023/01/AdobeStock_264943898-2.jpeg 1920w" sizes="(max-width: 604px) 100vw, 604px" /><figcaption class="wp-element-caption"><strong><em>ÊTRE UTILE !!!</em></strong></figcaption></figure>
</div>


<p class="has-medium-font-size">Dans ma vie professionnelle antérieure, j’avais déjà bourlingué le monde, mais je m’étais fixée un but&nbsp;: si je remarchais un jour, j’irai en Australie, rencontrer les peuples aborigènes, car ce pays m’appelait depuis longtemps…</p>



<p class="has-luminous-vivid-orange-color has-text-color has-medium-font-size"><strong><em>Alors je suis devenue une observatrice très attentive au monde qui m&rsquo;entoure. Je suis attentive aux signes. J’ai continué à voyager, et intégré mes voyages dans mes peintures. Dans mon art, il y a le monde visible et puis il y a mon imaginaire d’artiste. Mes toiles sont ce qui se produit, lorsque les deux se rencontrent.</em></strong></p>


<div class="wp-block-image">
<figure class="alignright size-full is-resized"><img decoding="async" src="https://inspirations-aborigenes.fr/wp-content/uploads/2023/01/kangoo-ebahi.jpg" alt="" class="wp-image-657" width="216" height="247" srcset="https://www.inspirationsaborigenes.fr/wp-content/uploads/2023/01/kangoo-ebahi.jpg 301w, https://www.inspirationsaborigenes.fr/wp-content/uploads/2023/01/kangoo-ebahi-263x300.jpg 263w" sizes="(max-width: 216px) 100vw, 216px" /></figure>
</div>


<figure class="wp-block-image size-full is-resized"><img decoding="async" src="https://inspirations-aborigenes.fr/wp-content/uploads/2023/01/timbre-1.jpg" alt="" class="wp-image-655" width="423" height="207" srcset="https://www.inspirationsaborigenes.fr/wp-content/uploads/2023/01/timbre-1.jpg 987w, https://www.inspirationsaborigenes.fr/wp-content/uploads/2023/01/timbre-1-300x147.jpg 300w, https://www.inspirationsaborigenes.fr/wp-content/uploads/2023/01/timbre-1-768x377.jpg 768w" sizes="(max-width: 423px) 100vw, 423px" /></figure>

<p>Suite à un grave accident de la route, au handicap, à l’immobilisation forcée, à cinq ans pour remarcher, et pour reconstruire mon corps, et mon âme, ma vision de la vie et du monde a été chamboulée, depuis on m’a baptisée la résiliente&nbsp;! Totalement immobilisée 6 mois dans du sable, je suis restée, sans pouvoir bouger, à regarder le plafond, tellement j’étais cassée. S’est imposée à moi, l’urgente nécessité de me poser des questions existentielles sur, le pourquoi et le sens de ma vie ? Faire l’expérience du désert intérieur&#8230;   J’ai entamé des démarches de développement personnel, me suis reconnectée avec une certaine forme de spiritualité, j’ai dévoré des livres ésotériques, étudié le symbolisme du tarot, relu les philosophes, les grands classiques, écouté toutes sortes de musiques, je devais trouver le vrai sens de ma vie, et un avenir à ré-inventer. Être utile !! Depuis, mes valeurs et mes priorités ont changé. J’ai dû accepter et comprendre le pourquoi, de tout ce qui m’avait été retiré&nbsp;: jambes, travail, argent, amis… Après plus de trente ans, le nez dans le guidon, avec objectifs commerciaux, toujours plus, toujours mieux, toute une vie dans le travail. La devise derrière le bureau de mon patron : le 1 er qui se plaint de la conjoncture et de la concurrence, va les retrouver, bref une vie de « marche ou crève » où je me suis perdue, toujours frustrée de ce que je n’avais pas ou plus. La vie s’est chargée de me faire « m’arrêter » pour trouver le vrai sens de ma vie. Je l’en remercie car j’aurai pu le découvrir beaucoup plus tard. J’ai trouvé le vrai sens de ma vie. Je devais être utile aux autres, et être « mère » d’une autre façon… A 44 ans je suis retournée en Fac, j’ai repris des études pour me reconvertir professionnellement : école de commerce international, master du tourisme, agent de développement territorial &#8230; puis enfin la retraite&nbsp;! Dans ma vie professionnelle antérieure, j’avais déjà bourlingué le monde, mais je m’étais fixée un but&nbsp;: si je remarchais un jour, j’irai en Australie, rencontrer les peuples aborigènes, car ce pays m’appelait depuis longtemps… Alors je suis devenue une observatrice très attentive au monde qui m&rsquo;entoure. Je suis attentive aux signes. J’ai continué à voyager, et intégré mes voyages dans mes peintures. Dans mon art, il y a le monde visible et puis il y a mon imaginaire d’artiste. Mes toiles sont ce qui se produit, lorsque les deux se rencontrent.</p>
