{"id":318,"date":"2023-01-13T10:21:27","date_gmt":"2023-01-13T09:21:27","guid":{"rendered":"https:\/\/inspirations-aborigenes.fr\/?page_id=318"},"modified":"2023-02-12T10:00:42","modified_gmt":"2023-02-12T09:00:42","slug":"un-marche-en-devenir","status":"publish","type":"page","link":"https:\/\/www.inspirationsaborigenes.fr\/?page_id=318","title":{"rendered":"UN MARCH\u00c9 EN DEVENIR"},"content":{"rendered":"\n<p class=\"has-luminous-vivid-orange-color has-text-color has-medium-font-size\"><strong><em>L&rsquo;\u00e9poque contemporaine a favoris\u00e9 la naissance d&rsquo;individualit\u00e9 chez les artistes aborig\u00e8nes <\/em><\/strong>.  <\/p>\n\n\n\n<p class=\"has-medium-font-size\">De nouveaux styles bien identifiables sont apparus. Contrairement au pass\u00e9, \u00e0 la lecture d&rsquo;une toile il devient \u00e9vident que celle-ci est l&rsquo;\u0153uvre de tel artiste ou de tel autre.<br><br>Malgr\u00e9 cette attache au monde sacr\u00e9 du r\u00eave, la libert\u00e9 artistique est bien r\u00e9elle et certains ont su bousculer les fronti\u00e8res, les conventions picturales et hiss\u00e9 l\u2019art aborig\u00e8ne au plus haut niveau.<\/p>\n\n\n<div class=\"wp-block-image\">\n<figure class=\"aligncenter size-full\"><img decoding=\"async\" width=\"640\" height=\"640\" src=\"https:\/\/inspirations-aborigenes.fr\/wp-content\/uploads\/2023\/01\/154b2fd6d61dffba51e366b60ac46471.jpg\" alt=\"\" class=\"wp-image-613\" srcset=\"https:\/\/www.inspirationsaborigenes.fr\/wp-content\/uploads\/2023\/01\/154b2fd6d61dffba51e366b60ac46471.jpg 640w, https:\/\/www.inspirationsaborigenes.fr\/wp-content\/uploads\/2023\/01\/154b2fd6d61dffba51e366b60ac46471-300x300.jpg 300w, https:\/\/www.inspirationsaborigenes.fr\/wp-content\/uploads\/2023\/01\/154b2fd6d61dffba51e366b60ac46471-150x150.jpg 150w, https:\/\/www.inspirationsaborigenes.fr\/wp-content\/uploads\/2023\/01\/154b2fd6d61dffba51e366b60ac46471-75x75.jpg 75w\" sizes=\"(max-width: 640px) 100vw, 640px\" \/><\/figure>\n<\/div>\n\n\n<p class=\"has-luminous-vivid-orange-color has-text-color has-medium-font-size\"><strong><em>C\u2019est un march\u00e9 tr\u00e8s dynamique. Cependant, de nouveaux interm\u00e9diaires profiteurs ont prolif\u00e9r\u00e9 : galeries moins \u00e9tablies, sites internet de vente directe et \u00ab carpets baggers \u00bb (marchands de tapis) encouragent les artistes \u00e0 surproduire saturant le march\u00e9, peintures de mauvaise qualit\u00e9, qui complique la tra\u00e7abilit\u00e9 et la cr\u00e9dibilit\u00e9 des \u0153uvres.<\/em><\/strong><\/p>\n\n\n\n<p class=\"has-white-color has-text-color has-medium-font-size\">Quelques difficult\u00e9s \u00e9maill\u00e8rent le march\u00e9 de l&rsquo;art aborig\u00e8ne ces derni\u00e8res ann\u00e9es avec des hommes d&rsquo;affaires qualifi\u00e9s de \u00ab\u00a0carpet-baggers\u00a0\u00bb, exploitant la na\u00efvet\u00e9 d&rsquo;artistes souvent \u00e2g\u00e9s, invit\u00e9s \u00e0 peindre sous la contrainte, ou en compensation de dettes imaginaires.<\/p>\n\n\n\n<p class=\"has-luminous-vivid-orange-color has-text-color has-medium-font-size\"><strong>Falsifications et copyright, les tribunaux et l\u2019\u00e9tat f\u00e9d\u00e9ral ont d\u00fb intervenir pour l\u00e9gif\u00e9rer et \u00e9tablir de fa\u00e7on incontournable et d\u00e9finitive le droit \u00e0 la propri\u00e9t\u00e9 intellectuelle des artistes non seulement sur les \u0153uvres, mais aussi sur les motifs claniques.<\/strong><\/p>\n\n\n\n<p class=\"has-white-color has-text-color has-medium-font-size\">Sans l\u2019art aborig\u00e8ne, qui se soucierait d\u2019eux ? L\u2019art aborig\u00e8ne a \u00e9t\u00e9 un merveilleux moyen de faire conna\u00eetre leur culture. Cela a profond\u00e9ment modifi\u00e9 la perception que l\u2019on se faisait d\u2019eux non seulement en Australie mais dans le reste du monde aussi.<br><br>Bien s\u00fbr ils peignent aussi pour l\u2019argent. Le taux de ch\u00f4mage pouvant atteindre les 90% dans les communaut\u00e9s, il faut trouver des ressources. Croyez vous que les artistes occidentaux produisent sans se soucier de l\u2019argent ?  Et puis ils partagent l\u2019argent au sein de la communaut\u00e9.<br>Toutes les personnes ayant des droits sur les motifs peints peuvent demander une part du b\u00e9n\u00e9fice de la vente de la toile mais ne peut refuser de partager ses biens.<\/p>\n\n\n\n<p class=\"has-luminous-vivid-orange-color has-text-color\"><strong><em>Tout aborig\u00e8ne peut ainsi r\u00e9clamer de celui qui apporte de l\u2019argent. Ne pas donner c\u2019est se retrouver isol\u00e9 dans la communaut\u00e9. Les peintres connus subissent de grosses pressions de la part de leur entourage. Ce sont autant leurs familles qui poussent les artistes \u00e0 produire que les galeries. Par exemple Gloria Petyarre faisait vivre 60 personnes.<\/em><\/strong><\/p>\n\n\n<div class=\"wp-block-image\">\n<figure class=\"aligncenter size-full is-resized\"><img decoding=\"async\" src=\"https:\/\/inspirations-aborigenes.fr\/wp-content\/uploads\/2023\/01\/974181bcada0e3b913b728dde7b848b4.jpg\" alt=\"\" class=\"wp-image-614\" width=\"462\" height=\"462\" srcset=\"https:\/\/www.inspirationsaborigenes.fr\/wp-content\/uploads\/2023\/01\/974181bcada0e3b913b728dde7b848b4.jpg 736w, https:\/\/www.inspirationsaborigenes.fr\/wp-content\/uploads\/2023\/01\/974181bcada0e3b913b728dde7b848b4-300x300.jpg 300w, https:\/\/www.inspirationsaborigenes.fr\/wp-content\/uploads\/2023\/01\/974181bcada0e3b913b728dde7b848b4-150x150.jpg 150w, https:\/\/www.inspirationsaborigenes.fr\/wp-content\/uploads\/2023\/01\/974181bcada0e3b913b728dde7b848b4-75x75.jpg 75w\" sizes=\"(max-width: 462px) 100vw, 462px\" \/><\/figure>\n<\/div>\n\n\n<p><\/p>\n\n\n\n<p class=\"has-luminous-vivid-orange-color has-text-color has-large-font-size\"><em><strong>Quelques grands artistes aborig\u00e8nes<\/strong><\/em><\/p>\n\n\n\n<p class=\"has-medium-font-size\">Parmi les plus connus, on peut notamment citer&nbsp;Emily Kame Kngwarreye,&nbsp;Clifford Possum Tjapaltjarri,&nbsp;Rover Thomas&nbsp;et&nbsp;Jack Kala Kala&nbsp;qui ont pu exposer leurs \u0153uvres dans les plus grandes villes du monde.<\/p>\n\n\n\n<p class=\"has-medium-font-size\">Sources :&nbsp;Galerie Gondwana, Aboriginal Signature. <\/p>\n\n\n\n<p class=\"has-medium-font-size\">L&rsquo;artiste le plus c\u00e9l\u00e8bre de ce mouvement fut sans doute&nbsp;Clifford Possum Tjapaltjarri, ainsi que&nbsp;Johnny Warangkula, dont&nbsp;<em>Water Dreaming at Kalipinya<\/em>&nbsp;se vendit par deux fois \u00e0 un prix record (486&nbsp;500&nbsp;dollars la seconde fois, en 2000).<\/p>\n\n\n\n<p class=\"has-medium-font-size\">Sur les terres de Maningrida, de nombreux artistes conservent et transmettent la m\u00e9moire des mythes au travers d&rsquo;\u0153uvres de plus en plus codifi\u00e9es et abstraites. Les cr\u00e9ations de John Mawurndjul inspirent toute une nouvelle g\u00e9n\u00e9ration et r\u00e9sonnent bien au-del\u00e0 de l&rsquo;Australie comme sur les plafonds de la librairie ou sur une colonne du Mus\u00e9e du Quai Branly, peintes par l&rsquo;artiste.<\/p>\n\n\n<div class=\"wp-block-image\">\n<figure class=\"aligncenter size-full\"><img decoding=\"async\" width=\"736\" height=\"981\" src=\"https:\/\/inspirations-aborigenes.fr\/wp-content\/uploads\/2023\/01\/8dc822d2cdac1ec8318e3b9874cbabdc.jpg\" alt=\"\" class=\"wp-image-619\" srcset=\"https:\/\/www.inspirationsaborigenes.fr\/wp-content\/uploads\/2023\/01\/8dc822d2cdac1ec8318e3b9874cbabdc.jpg 736w, https:\/\/www.inspirationsaborigenes.fr\/wp-content\/uploads\/2023\/01\/8dc822d2cdac1ec8318e3b9874cbabdc-225x300.jpg 225w\" sizes=\"(max-width: 736px) 100vw, 736px\" \/><figcaption class=\"wp-element-caption\"><strong>Joan Blond&rsquo;s ,  peintre aborig\u00e8ne expressionniste contemporaine, une de mes artistes pr\u00e9f\u00e9r\u00e9e <\/strong> !<\/figcaption><\/figure>\n<\/div>\n\n\n<p class=\"has-luminous-vivid-orange-color has-text-color has-large-font-size\"><strong><em>Charte \u00e9thique<\/em><\/strong><\/p>\n\n\n\n<p class=\"has-luminous-vivid-orange-color has-text-color has-medium-font-size\"><em>Pour r\u00e9tablir la confiance des collectionneurs et des artistes, les partenaires de la fili\u00e8re ont \u00e9tabli en 2009, une charte \u00e9thique&nbsp;: <strong>The Indigenous Art Code<\/strong>, charg\u00e9 de l\u2019application du copyright.<\/em><\/p>\n\n\n\n<p class=\"has-medium-font-size\">Le texte stipule que les vendeurs s\u2019engagent \u00e0 garantir l\u2019authenticit\u00e9 des \u0153uvres et \u00e0 respecter le droit d\u2019auteur du peintre et de sa famille, et encadre les conditions de r\u00e9mun\u00e9ration des artistes.<\/p>\n\n\n\n<p class=\"has-luminous-vivid-orange-color has-text-color\"><strong>Sources: <\/strong><\/p>\n\n\n\n<p><\/p>\n\n\n\n<p class=\"has-luminous-vivid-orange-color has-text-color has-medium-font-size\"><em>Sources    \u00ab Australie, histoire, soci\u00e9t\u00e9, culture \u00bb, de Ma\u00efa Ponsonnet, \u00e9d. La D\u00e9couverte  et Charg\u00e9e de Recherche CNRS, Dynamique Du Langage<br>Sources : Wikip\u00e9dia, Galerie Gondwana, Aboriginal Signature<br>Sources : La peinture aborig\u00e8ne de Ma\u00efa Ponsonnet, Pierre Grundmann et St\u00e9phane Jacob, \u00e9d Nouvelles Editions Scala.<\/em><\/p>\n","protected":false},"excerpt":{"rendered":"<p>L&rsquo;\u00e9poque contemporaine a favoris\u00e9 la naissance d&rsquo;individualit\u00e9 chez les artistes aborig\u00e8nes . De nouveaux styles bien identifiables sont apparus. Contrairement au pass\u00e9, \u00e0 la lecture d&rsquo;une toile il devient \u00e9vident que celle-ci est l&rsquo;\u0153uvre de tel artiste ou de tel autre. Malgr\u00e9 cette attache au monde sacr\u00e9 du r\u00eave, la libert\u00e9 artistique est bien r\u00e9elle et certains ont su bousculer les fronti\u00e8res, les conventions picturales et hiss\u00e9 l\u2019art aborig\u00e8ne au plus haut niveau. C\u2019est un march\u00e9 tr\u00e8s dynamique. Cependant, de nouveaux interm\u00e9diaires profiteurs ont prolif\u00e9r\u00e9 : galeries moins \u00e9tablies, sites internet de vente directe et \u00ab carpets baggers \u00bb (marchands de tapis) encouragent les artistes \u00e0 surproduire saturant le march\u00e9, peintures de mauvaise qualit\u00e9, qui complique la tra\u00e7abilit\u00e9 et la cr\u00e9dibilit\u00e9 des \u0153uvres. Quelques difficult\u00e9s \u00e9maill\u00e8rent le march\u00e9 de l&rsquo;art aborig\u00e8ne ces derni\u00e8res ann\u00e9es avec des hommes d&rsquo;affaires qualifi\u00e9s de \u00ab\u00a0carpet-baggers\u00a0\u00bb, exploitant la na\u00efvet\u00e9 d&rsquo;artistes souvent \u00e2g\u00e9s, invit\u00e9s \u00e0 peindre sous la contrainte, ou en compensation de dettes imaginaires. Falsifications et copyright, les tribunaux et l\u2019\u00e9tat f\u00e9d\u00e9ral ont d\u00fb intervenir pour l\u00e9gif\u00e9rer et \u00e9tablir de fa\u00e7on incontournable et d\u00e9finitive le droit \u00e0 la propri\u00e9t\u00e9 intellectuelle des artistes non seulement sur les \u0153uvres, mais aussi sur les motifs claniques. Sans l\u2019art aborig\u00e8ne, qui se soucierait d\u2019eux ? L\u2019art aborig\u00e8ne a \u00e9t\u00e9 un merveilleux moyen de faire conna\u00eetre leur culture. Cela a profond\u00e9ment modifi\u00e9 la perception que l\u2019on se faisait d\u2019eux non seulement en Australie mais dans le reste du monde aussi. Bien s\u00fbr ils peignent aussi pour l\u2019argent. Le taux de ch\u00f4mage pouvant atteindre les 90% dans les communaut\u00e9s, il faut trouver des ressources. Croyez vous que les artistes occidentaux produisent sans se soucier de l\u2019argent ? Et puis ils partagent l\u2019argent au sein de la communaut\u00e9.Toutes les personnes ayant des droits sur les motifs peints peuvent demander une part du b\u00e9n\u00e9fice de la vente de la toile mais ne peut refuser de partager ses biens. Tout aborig\u00e8ne peut ainsi r\u00e9clamer de celui qui apporte de l\u2019argent. Ne pas donner c\u2019est se retrouver isol\u00e9 dans la communaut\u00e9. Les peintres connus subissent de grosses pressions de la part de leur entourage. Ce sont autant leurs familles qui poussent les artistes \u00e0 produire que les galeries. Par exemple Gloria Petyarre faisait vivre 60 personnes. Quelques grands artistes aborig\u00e8nes Parmi les plus connus, on peut notamment citer&nbsp;Emily Kame Kngwarreye,&nbsp;Clifford Possum Tjapaltjarri,&nbsp;Rover Thomas&nbsp;et&nbsp;Jack Kala Kala&nbsp;qui ont pu exposer leurs \u0153uvres dans les plus grandes villes du monde. Sources :&nbsp;Galerie Gondwana, Aboriginal Signature. L&rsquo;artiste le plus c\u00e9l\u00e8bre de ce mouvement fut sans doute&nbsp;Clifford Possum Tjapaltjarri, ainsi que&nbsp;Johnny Warangkula, dont&nbsp;Water Dreaming at Kalipinya&nbsp;se vendit par deux fois \u00e0 un prix record (486&nbsp;500&nbsp;dollars la seconde fois, en 2000). Sur les terres de Maningrida, de nombreux artistes conservent et transmettent la m\u00e9moire des mythes au travers d&rsquo;\u0153uvres de plus en plus codifi\u00e9es et abstraites. Les cr\u00e9ations de John Mawurndjul inspirent toute une nouvelle g\u00e9n\u00e9ration et r\u00e9sonnent bien au-del\u00e0 de l&rsquo;Australie comme sur les plafonds de la librairie ou sur une colonne du Mus\u00e9e du Quai Branly, peintes par l&rsquo;artiste. Charte \u00e9thique Pour r\u00e9tablir la confiance des collectionneurs et des artistes, les partenaires de la fili\u00e8re ont \u00e9tabli en 2009, une charte \u00e9thique&nbsp;: The Indigenous Art Code, charg\u00e9 de l\u2019application du copyright. Le texte stipule que les vendeurs s\u2019engagent \u00e0 garantir l\u2019authenticit\u00e9 des \u0153uvres et \u00e0 respecter le droit d\u2019auteur du peintre et de sa famille, et encadre les conditions de r\u00e9mun\u00e9ration des artistes. Sources: Sources \u00ab Australie, histoire, soci\u00e9t\u00e9, culture \u00bb, de Ma\u00efa Ponsonnet, \u00e9d. La D\u00e9couverte et Charg\u00e9e de Recherche CNRS, Dynamique Du LangageSources : Wikip\u00e9dia, Galerie Gondwana, Aboriginal SignatureSources : La peinture aborig\u00e8ne de Ma\u00efa Ponsonnet, Pierre Grundmann et St\u00e9phane Jacob, \u00e9d Nouvelles Editions Scala.<\/p>\n","protected":false},"author":2,"featured_media":0,"parent":0,"menu_order":0,"comment_status":"closed","ping_status":"closed","template":"","meta":{"footnotes":""},"class_list":["post-318","page","type-page","status-publish","hentry"],"_links":{"self":[{"href":"https:\/\/www.inspirationsaborigenes.fr\/index.php?rest_route=\/wp\/v2\/pages\/318","targetHints":{"allow":["GET"]}}],"collection":[{"href":"https:\/\/www.inspirationsaborigenes.fr\/index.php?rest_route=\/wp\/v2\/pages"}],"about":[{"href":"https:\/\/www.inspirationsaborigenes.fr\/index.php?rest_route=\/wp\/v2\/types\/page"}],"author":[{"embeddable":true,"href":"https:\/\/www.inspirationsaborigenes.fr\/index.php?rest_route=\/wp\/v2\/users\/2"}],"replies":[{"embeddable":true,"href":"https:\/\/www.inspirationsaborigenes.fr\/index.php?rest_route=%2Fwp%2Fv2%2Fcomments&post=318"}],"version-history":[{"count":0,"href":"https:\/\/www.inspirationsaborigenes.fr\/index.php?rest_route=\/wp\/v2\/pages\/318\/revisions"}],"wp:attachment":[{"href":"https:\/\/www.inspirationsaborigenes.fr\/index.php?rest_route=%2Fwp%2Fv2%2Fmedia&parent=318"}],"curies":[{"name":"wp","href":"https:\/\/api.w.org\/{rel}","templated":true}]}}