{"id":281,"date":"2023-01-13T10:15:03","date_gmt":"2023-01-13T09:15:03","guid":{"rendered":"https:\/\/inspirations-aborigenes.fr\/?page_id=281"},"modified":"2025-09-24T20:35:39","modified_gmt":"2025-09-24T18:35:39","slug":"actualite","status":"publish","type":"page","link":"https:\/\/www.inspirationsaborigenes.fr\/?page_id=281","title":{"rendered":"ACTUALIT\u00c9S"},"content":{"rendered":"\n<h2 class=\"wp-block-heading has-luminous-vivid-orange-color has-text-color\">INSPIRATIONS ABORIGENES EST SUR ART MAJEUR <\/h2>\n\n\n\n<p class=\"has-medium-font-size\">Inspirations aborig\u00e8nes est heureuse de vous annoncer que d\u00e9sormais vous pouvez retrouver ses toiles sur le site d&rsquo;Art Majeur : <a href=\"https:\/\/www.artmajeur.com\/terres-et-arts-d-ici-et-d-ailleurs\">https:\/\/www.artmajeur.com\/terres-et-arts-d-ici-et-d-ailleurs<\/a><\/p>\n\n\n\n<p class=\"has-luminous-vivid-orange-color has-text-color has-medium-font-size\">Art Majeur c\u2019est la 1<sup>\u00e8re<\/sup>place de march\u00e9 en ligne au monde pour acheter et vendre de l\u2019art en ligne, en relation avec la communaut\u00e9 mondiale d\u2019amateurs d\u2019art&nbsp;! Et j&rsquo;y suis !!!!<\/p>\n\n\n\n<p class=\"has-medium-font-size\">180&nbsp;000 artistes, 20 ans d\u2019exp\u00e9rience, livraison gratuite, plus d\u20191 million d\u2019\u0153uvres \u00e0 vendre d\u2019artistes internationaux, acc\u00e8s international avec des artistes confirm\u00e9s et \u00e9mergents de 193 pays.<\/p>\n\n\n<div class=\"wp-block-image\">\n<figure class=\"aligncenter size-large is-resized\"><img decoding=\"async\" width=\"1024\" height=\"494\" src=\"https:\/\/www.inspirationsaborigenes.fr\/wp-content\/uploads\/2025\/09\/art-majeur-1024x494.jpg\" alt=\"\" class=\"wp-image-1066\" style=\"width:601px;height:222px\" srcset=\"https:\/\/www.inspirationsaborigenes.fr\/wp-content\/uploads\/2025\/09\/art-majeur-1024x494.jpg 1024w, https:\/\/www.inspirationsaborigenes.fr\/wp-content\/uploads\/2025\/09\/art-majeur-300x145.jpg 300w, https:\/\/www.inspirationsaborigenes.fr\/wp-content\/uploads\/2025\/09\/art-majeur-768x371.jpg 768w, https:\/\/www.inspirationsaborigenes.fr\/wp-content\/uploads\/2025\/09\/art-majeur-1536x741.jpg 1536w, https:\/\/www.inspirationsaborigenes.fr\/wp-content\/uploads\/2025\/09\/art-majeur-1140x550.jpg 1140w, https:\/\/www.inspirationsaborigenes.fr\/wp-content\/uploads\/2025\/09\/art-majeur.jpg 1896w\" sizes=\"(max-width: 1024px) 100vw, 1024px\" \/><figcaption class=\"wp-element-caption\"><strong>Nioudelli artiste peintre  art aborig\u00e8ne abstrait<\/strong><\/figcaption><\/figure>\n<\/div>\n\n\n<p>_____________________________________________________________________________________________________________<\/p>\n\n\n\n<p>Envie de d\u00e9couvrir mon travail, ma mission et mes peintures aborig\u00e8nes ?? <\/p>\n\n\n\n<figure class=\"wp-block-image size-large\"><img decoding=\"async\" width=\"1024\" height=\"576\" src=\"https:\/\/www.inspirationsaborigenes.fr\/wp-content\/uploads\/2025\/09\/magrie-1-1-1024x576.jpg\" alt=\"\" class=\"wp-image-1070\" srcset=\"https:\/\/www.inspirationsaborigenes.fr\/wp-content\/uploads\/2025\/09\/magrie-1-1-1024x576.jpg 1024w, https:\/\/www.inspirationsaborigenes.fr\/wp-content\/uploads\/2025\/09\/magrie-1-1-300x169.jpg 300w, https:\/\/www.inspirationsaborigenes.fr\/wp-content\/uploads\/2025\/09\/magrie-1-1-768x432.jpg 768w, https:\/\/www.inspirationsaborigenes.fr\/wp-content\/uploads\/2025\/09\/magrie-1-1-1536x864.jpg 1536w, https:\/\/www.inspirationsaborigenes.fr\/wp-content\/uploads\/2025\/09\/magrie-1-1-1140x641.jpg 1140w, https:\/\/www.inspirationsaborigenes.fr\/wp-content\/uploads\/2025\/09\/magrie-1-1.jpg 1920w\" sizes=\"(max-width: 1024px) 100vw, 1024px\" \/><\/figure>\n\n\n\n<p><\/p>\n","protected":false},"excerpt":{"rendered":"<p>INSPIRATIONS ABORIGENES EST SUR ART MAJEUR Inspirations aborig\u00e8nes est heureuse de vous annoncer que d\u00e9sormais vous pouvez retrouver ses toiles sur le site d&rsquo;Art Majeur : https:\/\/www.artmajeur.com\/terres-et-arts-d-ici-et-d-ailleurs Art Majeur c\u2019est la 1\u00e8replace de march\u00e9 en ligne au monde pour acheter et vendre de l\u2019art en ligne, en relation avec la communaut\u00e9 mondiale d\u2019amateurs d\u2019art&nbsp;! Et j&rsquo;y suis !!!! 180&nbsp;000 artistes, 20 ans d\u2019exp\u00e9rience, livraison gratuite, plus d\u20191 million d\u2019\u0153uvres \u00e0 vendre d\u2019artistes internationaux, acc\u00e8s international avec des artistes confirm\u00e9s et \u00e9mergents de 193 pays. _____________________________________________________________________________________________________________ Envie de d\u00e9couvrir mon travail, ma mission et mes peintures aborig\u00e8nes ??<\/p>\n","protected":false},"author":2,"featured_media":0,"parent":0,"menu_order":0,"comment_status":"closed","ping_status":"closed","template":"","meta":{"footnotes":""},"class_list":["post-281","page","type-page","status-publish","hentry"],"_links":{"self":[{"href":"https:\/\/www.inspirationsaborigenes.fr\/index.php?rest_route=\/wp\/v2\/pages\/281","targetHints":{"allow":["GET"]}}],"collection":[{"href":"https:\/\/www.inspirationsaborigenes.fr\/index.php?rest_route=\/wp\/v2\/pages"}],"about":[{"href":"https:\/\/www.inspirationsaborigenes.fr\/index.php?rest_route=\/wp\/v2\/types\/page"}],"author":[{"embeddable":true,"href":"https:\/\/www.inspirationsaborigenes.fr\/index.php?rest_route=\/wp\/v2\/users\/2"}],"replies":[{"embeddable":true,"href":"https:\/\/www.inspirationsaborigenes.fr\/index.php?rest_route=%2Fwp%2Fv2%2Fcomments&post=281"}],"version-history":[{"count":0,"href":"https:\/\/www.inspirationsaborigenes.fr\/index.php?rest_route=\/wp\/v2\/pages\/281\/revisions"}],"wp:attachment":[{"href":"https:\/\/www.inspirationsaborigenes.fr\/index.php?rest_route=%2Fwp%2Fv2%2Fmedia&parent=281"}],"curies":[{"name":"wp","href":"https:\/\/api.w.org\/{rel}","templated":true}]}}